 d(5). Let i(n) = n**3 - 3*n**2 + 3. Let q be i(v). Determine o(q).
-10
Let h(g) be the first derivative of -g**4/4 - 3*g**3 - 7*g**2/2 + 6*g - 9. Calculate h(-8).
-2
Let g(f) = -8*f**2 + f + 1. Suppose -2*x + 3*x = -1. Determine g(x).
-8
Let f(r) = r**3 + 4*r**2 + 2*r - 4. Let v(n) = -n - 8. Let c be v(-6). Let q = c - -1. Let d be ((-2)/(-4))/(q/8). Give f(d).
-12
Let v(i) = 15*i - 7*i - 7*i. Let t(n) = -2*n - 5. Let a be t(-5). Suppose 0*o - 7 = a*u + o, -4*u + o - 11 = 0. Calculate v(u).
-2
Let h(z) = 3*z**2 - 2*z + 7. Let b(a) = 15*a**2 - 2*a**2 - 6*a**2 - 4*a + 15. Let u(v) = 4*b(v) - 9*h(v). Let g = -4 + 0. Give u(g).
5
Let y(n) = -7 - 5*n + 27*n - 14*n - n**2. What is y(8)?
-7
Let t(x) be the second derivative of x**3/6 + x**2/2 + 7*x. Determine t(-5).
-4
Let f(d) = -d**2 + 5*d - 1. Let k(s) = 2*s - 18. Let z be k(12). Calculate f(z).
-7
Let n(k) = 14*k - 4. Let j(x) = 5*x - 1. Let o(f) = -17*j(f) + 6*n(f). Calculate o(-3).
-4
Let g = 4 - -1. Let r(y) = -2*y**2 - y + g*y**3 + 6*y**2 - 2*y**2. Suppose -4*n - 1 = -5. Give r(n).
6
Suppose 14 = -4*k + 22. Let q(m) be the first derivative of -4 + 7*m + 3/2*m**k - 1/3*m**3. What is q(5)?
-3
Let v(a) = -a + 13. Suppose 28 = p + 3*p. Calculate v(p).
6
Let m(v) = 5*v**2 + 11*v + 8. Let g(i) = -i**2 - i - 1. Let y be ((-16)/5)/4*5. Let u(a) = y*g(a) - m(a). Give u(-6).
2
Let j be 5/(-30) - (-2)/12. Let h = j - -3. Let a(r) = -r + 7. Let k be a(h). Let b(y) = -y + 3. What is b(k)?
-1
Let c(k) be the third derivative of k**5/60 + k**4/6 + k**3/2 + 7*k**2. Give c(-3).
0
Suppose 0 = -0*x + 5*x. Suppose x = 5*k - 2*k - 9. Let h(i) = 3*i. Give h(k).
9
Suppose 3 = -v + 1. Let n(x) = 2*x**2 + 3*x + 3. Determine n(v).
5
Let j(q) = -5*q**2 - 2*q - 1. Suppose 2*t = -2*v - 10, -5*v + 3*v + 3*t + 10 = 0. Give j(v).
-4
Let o(y) be the third derivative of -y**6/120 + 7*y**5/60 - y**4/6 - 7*y**3/6 - 2*y**2. What is o(6)?
5
Let x(w) be the second derivative of w**8/6720 - w**5/120 - w**4/12 + 4*w. Let v(n) be the third derivative of x(n). Determine v(2).
7
Let b(g) = -g**3 + 6*g**2 - 7*g + 6. Let t(r) = r**3 - 4*r**2 + 5*r - 3. Let l be t(3). Suppose l*m - 15 = -0. Give b(m).
-4
Let a(d) = 7*d**3 - 5*d**2 - d. Let r = 2 - -4. Let n(x) = -20*x**3 + 15*x**2 + 4*x - 1. Let p(l) = r*n(l) + 17*a(l). What is p(6)?
0
Let q(s) = s**3 - 3*s**2 - 3*s + 3. Let l be q(3). Let c = 4 + 4. Let k(x) = -12*x + 37*x - 17*x + c - x**3 - 5*x**2. Determine k(l).
-4
Let s(p) = -17*p**3 + p. Let k(q) = 3*q + 11. Let n be k(-4). Give s(n).
16
Let s = -16 + 18. Suppose 0 = -x - 4*r + 6*r + s, -2*r = x + 14. Let j(i) = -4*i - 2 + 3*i + 1. Give j(x).
5
Let d(r) = 8*r**2 + 2*r - 4. Let w(l) = -2*l**2 - l. Let u(v) = -d(v) - 5*w(v). Calculate u(-4).
24
Let m(d) be the first derivative of d**3/3 + d**2/2 - 6. Let i(v) = v**2 + 2*v - 1. Let a(h) = i(h) - 2*m(h). Calculate a(2).
-5
Suppose -y - d = -3*y, 5*d = -3*y + 13. Suppose -5*o - 4 = -5*t + 1, -5*t - 5*o + 55 = 0. Let s(q) = 4*q**2 - 8 + q**3 + y - t*q - q. Determine s(-5).
3
Let q(n) = -n**2 + 0*n**2 + n - 1 + 2*n**2. Let z be q(1). Let m(o) = o. Give m(z).
1
Let s(q) = 5*q + 0*q - q - 2*q - 7. Let d be s(6). Let u(w) = -w**3 + 5*w**2 + w - 7. Give u(d).
-2
Let z = 29 + -9. Suppose -6*h = -h - z. Let w(a) = 2*a - 5. Give w(h).
3
Let r(l) = 6*l + 20. Let u(y) = -2*y - 7. Let s(v) = -3*r(v) - 8*u(v). Calculate s(-3).
2
Let i = 4 + -2. Let b(p) = -p**2 + 2 + 2*p**i + 2 + 5*p. Let f be b(-5). Let u(y) = -2*y + 3. Give u(f).
-5
Let z be (-28)/20 + (-2)/(-5). Let w = 25 + -22. Let r(c) = 3*c**2 - 2 + c + w*c**2 + 1 - 2*c. Calculate r(z).
6
Let u(v) = v**3 + 5*v**2 + 4*v + 4. Let l be ((-4)/(-4))/((-4)/(-48)). Suppose 2*z - 6*z - l = 0. What is u(z)?
10
Let z = 21 + -23. Let s(r) = -2*r - 1. Give s(z).
3
Let k(t) be the first derivative of -t**3/3 - 2*t**2 + 7*t + 1. Let y = 5 + -10. What is k(y)?
2
Suppose 2*p - 4 + 0 = 0. Let d(u) = 6*u**p + 9*u - 7 - 3*u**2 - 6*u - u**3 + 2*u**2. Determine d(5).
8
Suppose 0 = -44*q + 45*q + 1. Let u(n) = 7*n**3 - 1. Determine u(q).
-8
Let d(p) = 6*p + 6. Let x(s) = 3*s - 8. Let q(m) = 2*m - 5. Let u(y) = 8*q(y) - 5*x(y). Let b(r) = -d(r) + 8*u(r). Suppose 4*a - 25 = -9. Calculate b(a).
2
Let a(r) = -r**3 + 8*r**2 + 83*r + 13. Let s be a(14). Let u(p) be the second derivative of -2*p**5/5 - p**2/2 + p. What is u(s)?
7
Let w(c) = c + 15. Let n(s) = -2*s - 23. Let i(y) = -5*n(y) - 8*w(y). Suppose 5*f - 70 = 3*q, 2*f + 2 - 46 = 2*q. Let a be 54/10 - (-8)/q. Calculate i(a).
5
Let h(z) = -1 + 3*z + 4*z**2 + 0*z + z**3 + 0*z. Let n = 5 - 3. Suppose -g - 5 + n = 0. Calculate h(g).
-1
Let n(g) = -g**3 - 2*g - 1. Let b be n(0). Let v(l) = -7*l - 1. Determine v(b).
6
Let w(g) = -g + 2. Let y be w(-2). Suppose y*m - l - 26 = l, 3*l = 2*m - 19. Suppose -3*q - 14 = -m. Let x(b) = b**3 + 3*b**2 + b + 2. What is x(q)?
-1
Suppose 0*a - 17*a + 68 = 0. Let h(u) be the second derivative of 0 - 7/6*u**3 - 5/2*u**2 - 1/6*u**a + u. Determine h(-4).
-9
Let l = 46 - 47. Let a(f) = 1 + f + 4*f**2 - 4*f**2 - f**2. Determine a(l).
-1
Let t(y) be the second derivative of y**5/20 + y**4/6 - y**3/2 - 3*y. Give t(2).
10
Suppose 22 + 14 = 3*m. Suppose 0 = -3*o - 3 - m. Let z(q) = 3*q**3 - 2. Let r(b) = b**3 + b**2 - b. Let c(x) = 4*r(x) - z(x). What is c(o)?
-3
Let l(c) be the third derivative of -1/12*c**4 + 0 - 1/15*c**5 + 0*c + 6*c**2 + 1/6*c**3. What is l(1)?
-5
Let b(s) = -s - s**2 + 4*s**2 + 12 - 2*s**2. Suppose 3*t - 6 + 21 = 0. Let d = 5 + t. Calculate b(d).
12
Let h(i) = i**3 - 5*i**2 + i - 1. Let d be h(5). Let r(b) = 4*b + d*b - 9*b. What is r(3)?
-3
Let u(v) = 2*v + 0*v**2 + v**2 + 3 + 20*v**3 - 19*v**3. Calculate u(-2).
-5
Suppose -2*v + 7*v - 20 = 0. Suppose 0 = v*s - 4 - 4. Let o(r) = r + 0 - 2*r + s. Give o(1).
1
Suppose 0*z + 3*z + 4*w - 45 = 0, -2*z + 30 = -w. Let q = 11 - z. Let i(p) = -p**3 - 4*p**2 + p. Determine i(q).
-4
Suppose 3*m + 2*c = 17, 0*c + c - 4 = 0. Let l(f) = 11*f**m + 2*f**2 - 23*f**3 + 11*f**3 - f + 1. What is l(1)?
1
Let j(f) = 2*f**2 + 3*f - 2. Let q = 26 - 24. Calculate j(q).
12
Let z(l) = -l**3 - 4*l**2 + 6*l. Let w be z(-5). Let f(r) = -r - 10. Let x be f(w). Let m = x - -3. Let h(b) = b. What is h(m)?
-2
Let u(s) = -2*s**3 - 3*s**2 + 3*s + 6. Let p(f) = -3*f**3 - 3*f**2 + 4*f + 7. Let j(c) = 4*p(c) - 5*u(c). Give j(3).
-26
Suppose 2*j = -0*l - 2*l + 12, 0 = 5*l - 20. Let q(g) be the second derivative of 0 - 1/6*g**3 - g + 1/2*g**j - 1/6*g**4 - 1/20*g**5. Give q(-2).
3
Let o(b) = b**3 - 8*b**2 - 7*b - 21. Let k be o(9). Let v(p) = p**3 + 3*p**2 - 2*p - 3. What is v(k)?
3
Let j(n) = 7*n - 1. Let m be ((-22)/(-66))/(2/(-6)). Determine j(m).
-8
Let h(u) be the third derivative of -u**6/90 + u**5/120 - 7*u**3/6 - 6*u**2. Let i(b) be the first derivative of h(b). Let w be (-1)/(2 + -1)*1. Calculate i(w).
-5
Let d(x) = 7*x**2. Suppose 0*m = 5*m + 5. Give d(m).
7
Let x = -17 - -25. Let h(r) = r**3 - 9*r**2 + 5*r + 9. Calculate h(x).
-15
Let s(m) = m + 3. Let c(r) = -r - 1. Let q(a) = -2*c(a) - s(a). Let x(b) = -8*b + 3. Let d(w) = -4*q(w) - x(w). Suppose 2*h - 10 = -3*h. What is d(h)?
9
Let f(n) = 2*n. Let i be 0/(3/(2 + -5)). Let u = -3 - i. Let d be (6/4)/(u/4). Give f(d).
-4
Let y(p) = -3 - 8*p - 3*p + 3. Give y(-1).
11
Let h(y) be the first derivative of y**4/4 - 2*y**3 + 2*y**2 - 7*y + 1. Calculate h(5).
-12
Suppose -59*b + 4 = -61*b. Let n(r) = r**3 - r**2 - 2*r. Give n(b).
-8
Let g(w) = w**2 + 7*w - 7. Let d be g(-8). Let l(n) = -6*n**3 + n**2 - n. What is l(d)?
-6
Let m(s) = s**3 + 3*s**2 - 5*s - 1. Let k(t) = 3*t**2 - 2*t - 1. Let r be k(-1). Let a be (-52)/14 + r/(-14). Determine m(a).
3
Let q(c) be the second derivative of c**5/20 + c**4/3 + c**3/3 - c**2/2 - 17*c. Let x(o) = o + 3. Let n be x(-6). Give q(n).
2
Let w(n) = -3*n**2 + 4*n + 7. Let f(d) = 4*d**2 - 4*d - 7. Let p(o) = 2*f(o) + 3*w(o). What is p(5)?
2
Suppose -4*s = 12 + 8. Let r(c) = c + 3. Determine r(s).
-2
Let i = -3 + -2. Let p(v) = v**2 + 5*v + 7. Determine p(i).
7
Let t(q) = -q**2 + 15 - 4*q + 17 + 24 - 60. What is t(-3)?
-1
Suppose -4*p - 4 = 20. Let a(t) = t**3 + 5*t**2 - 8*t - 9. Give a(p).
3
Let x be ((-24)/36)/((-2)/21). Let v(o) = o**3 - 6*o**2 - 6*o + 1. What is v(x)?
8
Let l(c) = c + 3. Let h(z) = z**3 - 18*z**2. Let x be h(18). Determine l(x).
3
Let s(j) = -j**2 